{"id":262,"date":"2023-03-07T19:31:09","date_gmt":"2023-03-07T19:31:09","guid":{"rendered":"https:\/\/transparencia.psiquiatricodecampeche.com\/?page_id=262"},"modified":"2025-10-20T12:06:19","modified_gmt":"2025-10-20T18:06:19","slug":"viii-remuneracion-bruta-y-neta-de-todos-los-servidores-publicos","status":"publish","type":"page","link":"https:\/\/transparencia.psiquiatricodecampeche.com\/index.php\/viii-remuneracion-bruta-y-neta-de-todos-los-servidores-publicos\/","title":{"rendered":"VIII. REMUNERACI\u00d3N BRUTA Y NETA DE TODOS LOS SERVIDORES P\u00daBLICOS"},"content":{"rendered":"<p>[et_pb_section fb_built=\u00bb1&#8243; _builder_version=\u00bb4.20.0&#8243; _module_preset=\u00bbdefault\u00bb da_disable_devices=\u00bboff|off|off\u00bb global_colors_info=\u00bb{}\u00bb da_is_popup=\u00bboff\u00bb da_exit_intent=\u00bboff\u00bb da_has_close=\u00bbon\u00bb da_alt_close=\u00bboff\u00bb da_dark_close=\u00bboff\u00bb da_not_modal=\u00bbon\u00bb da_is_singular=\u00bboff\u00bb da_with_loader=\u00bboff\u00bb da_has_shadow=\u00bbon\u00bb][et_pb_row _builder_version=\u00bb4.20.0&#8243; _module_preset=\u00bbdefault\u00bb global_colors_info=\u00bb{}\u00bb][et_pb_column type=\u00bb4_4&#8243; _builder_version=\u00bb4.20.0&#8243; _module_preset=\u00bbdefault\u00bb global_colors_info=\u00bb{}\u00bb][et_pb_text _builder_version=\u00bb4.20.0&#8243; _module_preset=\u00bbdefault\u00bb text_font=\u00bbMontserrat|600|||||||\u00bb text_text_color=\u00bb#9F2241&#8243; text_font_size=\u00bb30px\u00bb global_colors_info=\u00bb{}\u00bb]<\/p>\n<p style=\"text-align: center;\">VIII. REMUNERACI\u00d3N BRUTA Y NETA DE TODOS LOS SERVIDORES P\u00daBLICOS<\/p>\n<p>[\/et_pb_text][\/et_pb_column][\/et_pb_row][et_pb_row _builder_version=\u00bb4.20.0&#8243; _module_preset=\u00bbdefault\u00bb global_colors_info=\u00bb{}\u00bb][et_pb_column type=\u00bb4_4&#8243; _builder_version=\u00bb4.20.0&#8243; _module_preset=\u00bbdefault\u00bb global_colors_info=\u00bb{}\u00bb][et_pb_text _builder_version=\u00bb4.20.0&#8243; _module_preset=\u00bbdefault\u00bb text_font=\u00bbMontserrat|600|||||||\u00bb text_text_color=\u00bb#000000&#8243; text_font_size=\u00bb15px\u00bb text_line_height=\u00bb1em\u00bb global_colors_info=\u00bb{}\u00bb]<\/p>\n<p style=\"text-align: justify;\">La remuneraci\u00f3n bruta y neta de todos los Servidores P\u00fablicos de base o de confianza, de todas las percepciones, incluyendo sueldos, prestaciones, gratificaciones, primas, comisiones, dietas, bonos, est\u00edmulos, ingresos y sistemas de compensaci\u00f3n, se\u00f1alando la periodicidad de dicha remuneraci\u00f3n.<\/p>\n<p style=\"text-align: justify;\">Periodo de actualizaci\u00f3n: Trimestral<\/p>\n<p style=\"text-align: justify;\">Unidad(es) Administrativa(s) que genera(n) o posee(n) la informaci\u00f3n: Recursos Humanos<\/p>\n<p>[\/et_pb_text][\/et_pb_column][\/et_pb_row][et_pb_row _builder_version=\u00bb4.20.0&#8243; _module_preset=\u00bbdefault\u00bb global_colors_info=\u00bb{}\u00bb][et_pb_column type=\u00bb4_4&#8243; _builder_version=\u00bb4.20.0&#8243; _module_preset=\u00bbdefault\u00bb global_colors_info=\u00bb{}\u00bb][et_pb_text _builder_version=\u00bb4.27.4&#8243; _module_preset=\u00bbdefault\u00bb hover_enabled=\u00bb0&#8243; global_colors_info=\u00bb{}\u00bb sticky_enabled=\u00bb0&#8243;]<\/p>\n<style type=\"text\/css\">\n.tg  {border-collapse:collapse;border-spacing:0;margin:0px auto;}\n.tg td{border-color:black;border-style:solid;border-width:1px;font-family:Arial, sans-serif;font-size:14px;\n  overflow:hidden;padding:10px 5px;word-break:normal;}\n.tg th{border-color:black;border-style:solid;border-width:1px;font-family:Arial, sans-serif;font-size:14px;\n  font-weight:normal;overflow:hidden;padding:10px 5px;word-break:normal;}\n.tg .tg-sn7r{background-color:#9F2241;color:#FFF;font-weight:bold;text-align:center;vertical-align:middle}\n.tg .tg-0djp{background-color:#FFF;color:#000000;font-weight:bold;text-align:center;vertical-align:middle}\n@media screen and (max-width: 767px) {.tg {width: auto !important;}.tg col {width: auto !important;}.tg-wrap {overflow-x: auto;-webkit-overflow-scrolling: touch;margin: auto 0px;}}<\/style>\n<div class=\"tg-wrap\">\n<table class=\"tg\">\n<thead>\n<tr>\n<th class=\"tg-sn7r\" colspan=\"8\"><span style=\"color:white;background-color:transparent\">FRACCI\u00d3N VIII<\/span><\/th>\n<\/tr>\n<\/thead>\n<tbody>\n<tr>\n<td class=\"tg-0djp\" rowspan=\"2\"><span style=\"font-weight:bold;background-color:transparent\">A<\/span><br \/><span style=\"text-decoration:none;background-color:transparent\">Remuneraci\u00f3n bruta y neta de todos los servidores p\u00fablicos<\/span><\/td>\n<td class=\"tg-0djp\" rowspan=\"2\"><span style=\"font-weight:bold;background-color:transparent\">TRIMESTRAL<\/span><br \/><span style=\"text-decoration:none;background-color:transparent\">A\u00f1o en curso y del pasado<\/span><\/td>\n<td class=\"tg-0djp\">2025<\/td>\n<td class=\"tg-0djp\"><a href=\"https:\/\/psiquiatricodecampeche.com\/DOCUMN\/VIII\/2025\/Fraccion%208A%201er%20trimestre%202025.xlsx\" target=\"_blank\" rel=\"noopener noreferrer\">1\u00b0TRIMESTRE<\/a><\/td>\n<td class=\"tg-0djp\"><a href=\"https:\/\/psiquiatricodecampeche.com\/DOCUMN\/VIII\/2025\/Fraccion%208A%202do%20trimestre%202025.xlsx\" target=\"_blank\" rel=\"noopener noreferrer\">2\u00b0TRIMESTRE<\/a><\/td>\n<td class=\"tg-0djp\">&#8211;<\/td>\n<td class=\"tg-0djp\">&#8211;<\/td>\n<td class=\"tg-0djp\" rowspan=\"4\"><img loading=\"lazy\" decoding=\"async\" src=\"https:\/\/psiquiatricodecampeche.com\/DOCUMN\/img22\/excel%20logo.png\" alt=\"EXCEL\" width=\"30\" height=\"29\"><\/td>\n<\/tr>\n<tr>\n<td class=\"tg-0djp\">2024<\/td>\n<td class=\"tg-0djp\"><a href=\"https:\/\/psiquiatricodecampeche.com\/DOCUMN\/VIII\/2024\/A\/Fracci%C3%B3n%208A%201er%20trimestre%202024.xlsx\" target=\"_blank\" rel=\"noopener noreferrer\">1\u00b0TRIMESTRE<\/a><\/td>\n<td class=\"tg-0djp\"><a href=\"https:\/\/psiquiatricodecampeche.com\/DOCUMN\/VIII\/2024\/A\/Fracci%C3%B3n%208A%202do%20trimestre%202024.xlsx\" target=\"_blank\" rel=\"noopener noreferrer\">2\u00b0TRIMESTRE<\/a><\/td>\n<td class=\"tg-0djp\"><a href=\"https:\/\/psiquiatricodecampeche.com\/DOCUMN\/VIII\/2024\/A\/Fracci%C3%B3n%208A%203er%20trimestre%202024.xlsx\" target=\"_blank\" rel=\"noopener noreferrer\">3\u00b0TRIMESTRE<\/a><\/td>\n<td class=\"tg-0djp\"><a href=\"https:\/\/psiquiatricodecampeche.com\/DOCUMN\/VIII\/2024\/A\/Fracci%C3%B3n%208A%204to%20trimestre%202024.xlsx\" target=\"_blank\" rel=\"noopener noreferrer\">4\u00b0TRIMESTRE<\/a><\/td>\n<\/tr>\n<tr>\n<td class=\"tg-0djp\" rowspan=\"2\"><span style=\"font-weight:bold;background-color:transparent\">B<\/span><br \/><span style=\"background-color:transparent\">Tabulador de sueldos y salario<\/span><\/td>\n<td class=\"tg-0djp\" rowspan=\"2\"><span style=\"font-weight:bold;background-color:transparent\">TRIMESTRAL<\/span><br \/><span style=\"text-decoration:none;background-color:transparent\">Informaci\u00f3n Vigente<\/span><\/td>\n<td class=\"tg-0djp\">2025<\/td>\n<td class=\"tg-0djp\"><a href=\"https:\/\/psiquiatricodecampeche.com\/DOCUMN\/VIII\/2025\/Fracci%C3%B3n%208B%201er%20trimestre%202025.xlsx\" target=\"_blank\" rel=\"noopener noreferrer\">1\u00b0TRIMESTRE<\/a><\/td>\n<td class=\"tg-0djp\"><a href=\"https:\/\/psiquiatricodecampeche.com\/DOCUMN\/VIII\/2025\/Fracci%C3%B3n%208B%202do%20trimestre%202025.xlsx\" target=\"_blank\" rel=\"noopener noreferrer\">2\u00b0TRIMESTRE<\/a><\/td>\n<td class=\"tg-0djp\">&#8211;<\/td>\n<td class=\"tg-0djp\">&#8211;<\/td>\n<\/tr>\n<tr>\n<td class=\"tg-0djp\">2024<\/td>\n<td class=\"tg-0djp\"><a href=\"https:\/\/psiquiatricodecampeche.com\/DOCUMN\/VIII\/2024\/B\/Frccion%208B%201er%20trimestre%202024.xlsx\" target=\"_blank\" rel=\"noopener noreferrer\">1\u00b0TRIMESTRE<\/a><\/td>\n<td class=\"tg-0djp\"><a href=\"https:\/\/psiquiatricodecampeche.com\/DOCUMN\/VIII\/2024\/B\/Frccion%208B%202do%20trimestre%202024.xlsx\" target=\"_blank\" rel=\"noopener noreferrer\">2\u00b0TRIMESTRE<\/a><\/td>\n<td class=\"tg-0djp\"><a href=\"https:\/\/psiquiatricodecampeche.com\/DOCUMN\/VIII\/2024\/B\/Frccion%208B%203er%20trimestre%202024.xlsx\" target=\"_blank\" rel=\"noopener noreferrer\">3\u00b0TRIMESTRE<\/a><\/td>\n<td class=\"tg-0djp\"><a href=\"https:\/\/psiquiatricodecampeche.com\/DOCUMN\/VIII\/2024\/B\/Frccion%208B%204to%20trimestre%202024.xlsx\" target=\"_blank\" rel=\"noopener noreferrer\">4\u00b0TRIMESTRE<\/a><\/td>\n<\/tr>\n<\/tbody>\n<\/table>\n<\/div>\n<p>[\/et_pb_text][et_pb_text _builder_version=\u00bb4.21.0&#8243; _module_preset=\u00bbdefault\u00bb global_colors_info=\u00bb{}\u00bb]<\/p>\n<p>Para realizar la descarga de clic sobre el periodo correspondiente.<\/p>\n<p>[\/et_pb_text][\/et_pb_column][\/et_pb_row][\/et_pb_section]<\/p>\n","protected":false},"excerpt":{"rendered":"<p>VIII. REMUNERACI\u00d3N BRUTA Y NETA DE TODOS LOS SERVIDORES P\u00daBLICOSLa remuneraci\u00f3n bruta y neta de todos los Servidores P\u00fablicos de base o de confianza, de todas las percepciones, incluyendo sueldos, prestaciones, gratificaciones, primas, comisiones, dietas, bonos, est\u00edmulos, ingresos y sistemas de compensaci\u00f3n, se\u00f1alando la periodicidad de dicha remuneraci\u00f3n. Periodo de actualizaci\u00f3n: Trimestral Unidad(es) Administrativa(s) que [&hellip;]<\/p>\n","protected":false},"author":1,"featured_media":0,"parent":0,"menu_order":0,"comment_status":"closed","ping_status":"closed","template":"","meta":{"_et_pb_use_builder":"on","_et_pb_old_content":"","_et_gb_content_width":"","footnotes":""},"class_list":["post-262","page","type-page","status-publish","hentry"],"_links":{"self":[{"href":"https:\/\/transparencia.psiquiatricodecampeche.com\/index.php\/wp-json\/wp\/v2\/pages\/262","targetHints":{"allow":["GET"]}}],"collection":[{"href":"https:\/\/transparencia.psiquiatricodecampeche.com\/index.php\/wp-json\/wp\/v2\/pages"}],"about":[{"href":"https:\/\/transparencia.psiquiatricodecampeche.com\/index.php\/wp-json\/wp\/v2\/types\/page"}],"author":[{"embeddable":true,"href":"https:\/\/transparencia.psiquiatricodecampeche.com\/index.php\/wp-json\/wp\/v2\/users\/1"}],"replies":[{"embeddable":true,"href":"https:\/\/transparencia.psiquiatricodecampeche.com\/index.php\/wp-json\/wp\/v2\/comments?post=262"}],"version-history":[{"count":8,"href":"https:\/\/transparencia.psiquiatricodecampeche.com\/index.php\/wp-json\/wp\/v2\/pages\/262\/revisions"}],"predecessor-version":[{"id":1231,"href":"https:\/\/transparencia.psiquiatricodecampeche.com\/index.php\/wp-json\/wp\/v2\/pages\/262\/revisions\/1231"}],"wp:attachment":[{"href":"https:\/\/transparencia.psiquiatricodecampeche.com\/index.php\/wp-json\/wp\/v2\/media?parent=262"}],"curies":[{"name":"wp","href":"https:\/\/api.w.org\/{rel}","templated":true}]}}