{"id":413,"date":"2023-03-17T20:26:01","date_gmt":"2023-03-17T20:26:01","guid":{"rendered":"https:\/\/transparencia.psiquiatricodecampeche.com\/?page_id=413"},"modified":"2025-08-08T08:14:48","modified_gmt":"2025-08-08T14:14:48","slug":"cuenta-publica","status":"publish","type":"page","link":"https:\/\/transparencia.psiquiatricodecampeche.com\/index.php\/cuenta-publica\/","title":{"rendered":"CUENTA PUBLICA"},"content":{"rendered":"<p>[et_pb_section fb_built=\u00bb1&#8243; _builder_version=\u00bb4.20.0&#8243; _module_preset=\u00bbdefault\u00bb da_disable_devices=\u00bboff|off|off\u00bb global_colors_info=\u00bb{}\u00bb da_is_popup=\u00bboff\u00bb da_exit_intent=\u00bboff\u00bb da_has_close=\u00bbon\u00bb da_alt_close=\u00bboff\u00bb da_dark_close=\u00bboff\u00bb da_not_modal=\u00bbon\u00bb da_is_singular=\u00bboff\u00bb da_with_loader=\u00bboff\u00bb da_has_shadow=\u00bbon\u00bb][et_pb_row _builder_version=\u00bb4.20.0&#8243; _module_preset=\u00bbdefault\u00bb global_colors_info=\u00bb{}\u00bb][et_pb_column type=\u00bb4_4&#8243; _builder_version=\u00bb4.20.0&#8243; _module_preset=\u00bbdefault\u00bb global_colors_info=\u00bb{}\u00bb][et_pb_text _builder_version=\u00bb4.20.2&#8243; _module_preset=\u00bbdefault\u00bb text_font=\u00bbMontserrat|700|||||||\u00bb text_text_color=\u00bb#9F2241&#8243; text_font_size=\u00bb29px\u00bb global_colors_info=\u00bb{}\u00bb]<\/p>\n<p style=\"text-align: center;\">CUENTA P\u00daBLICA ESTATAL ARMONIZADA DEL GOBIERNO DEL ESTADO DE CAMPECHE<\/p>\n<p>[\/et_pb_text][\/et_pb_column][\/et_pb_row][et_pb_row _builder_version=\u00bb4.20.2&#8243; _module_preset=\u00bbdefault\u00bb global_colors_info=\u00bb{}\u00bb][et_pb_column type=\u00bb4_4&#8243; _builder_version=\u00bb4.20.2&#8243; _module_preset=\u00bbdefault\u00bb global_colors_info=\u00bb{}\u00bb][et_pb_text _builder_version=\u00bb4.20.2&#8243; _module_preset=\u00bbdefault\u00bb text_font=\u00bbMontserrat|600|||||||\u00bb text_text_color=\u00bb#000000&#8243; text_font_size=\u00bb18px\u00bb global_colors_info=\u00bb{}\u00bb]<\/p>\n<p style=\"text-align: justify;\">Para dar cumplimiento a lo dispuesto en el art\u00edculo 54, Fracci\u00f3n XXII de la Constituci\u00f3n Pol\u00edtica del Estado de Campeche y art\u00edculo 86 de la Ley de Disciplina Financiera y Responsabilidad Hacendaria del Estado de Campeche y sus Municipios; se presenta ordenada de conformidad con los criterios, lineamientos y disposiciones normativas correspondientes que emite el Consejo Nacional de Armonizaci\u00f3n Contable en el Acuerdo por el que se Armoniza la Estructura de las Cuentas P\u00fablicas:<\/p>\n<p style=\"text-align: justify;\">La presente publicaci\u00f3n se realiza atendiendo los principios de transparencia y m\u00e1xima publicidad de la informaci\u00f3n, en t\u00e9rminos de lo se\u00f1alado en el art\u00edculo 10 Bis de la Ley General de Contabilidad Gubernamental. Siendo importante reiterar que en t\u00e9rminos de lo dispuesto por el art\u00edculo 17 de la LGCG, cada ente p\u00fablico es responsable de su contabilidad, de la operaci\u00f3n del sistema; as\u00ed como del cumplimiento de lo dispuesto en la Ley y las decisiones que emita el CONAC.<\/p>\n<p>[\/et_pb_text][\/et_pb_column][\/et_pb_row][et_pb_row _builder_version=\u00bb4.20.2&#8243; _module_preset=\u00bbdefault\u00bb global_colors_info=\u00bb{}\u00bb][et_pb_column type=\u00bb4_4&#8243; _builder_version=\u00bb4.20.2&#8243; _module_preset=\u00bbdefault\u00bb global_colors_info=\u00bb{}\u00bb][et_pb_text _builder_version=\u00bb4.27.4&#8243; _module_preset=\u00bbdefault\u00bb hover_enabled=\u00bb0&#8243; global_colors_info=\u00bb{}\u00bb sticky_enabled=\u00bb0&#8243;]<\/p>\n<table>\n<tbody>\n<tr>\n<td class=\"selected\" style=\"text-align: center; vertical-align: top; font-weight: bold; background-color: #9f2241; color: #ffffff; display: table-cell;\" colspan=\"2\" rowspan=\"1\">\n<div class=\"wrap\">\n<div style=\"margin: 10px 5px;\">\n<p><span style=\"background-color: transparent; font-weight: bold;\">CUENTA P\u00daBLICA<\/span><\/p>\n<\/div>\n<\/div>\n<\/td>\n<\/tr>\n<tr>\n<td style=\"font-weight: bold; background-color: #9f2241; text-align: center; color: #ffffff; vertical-align: top; display: table-cell;\" colspan=\"2\" rowspan=\"1\" class=\"selected\">\n<div class=\"wrap\">\n<div style=\"margin: 10px 5px;\">\n<p><span style=\"background-color: transparent; font-weight: bold;\">2015<\/span><\/p>\n<\/div>\n<\/div>\n<\/td>\n<\/tr>\n<tr>\n<td style=\"font-weight: bold; background-color: #ffffff; text-align: center; vertical-align: top;\" class=\"selected\">\n<div class=\"wrap\">\n<div style=\"margin: 10px 5px;\">\n<p><span style=\"background-color: transparent; font-weight: bold;\">CUENTA P\u00daBLICA<\/span><\/p>\n<\/div>\n<\/div>\n<\/td>\n<td style=\"background-color: #ffffff; text-align: center; color: #000000; vertical-align: top; font-size: 22px;\" class=\"selected\">\n<div class=\"wrap\">\n<div style=\"margin: 10px 5px;\">\n<p><a href=\"https:\/\/psiquiatricodecampeche.com\/DOCUMN\/CUENTAPUBLICA\/2015\/CUENTAPUBLICA2015.PDF\" data-enable-open-in-new-tab=\"true\"><span>\ud83d\udcc3<\/span><\/a><\/p>\n<\/div>\n<\/div>\n<\/td>\n<\/tr>\n<tr>\n<td style=\"font-weight: bold; background-color: #9f2241; text-align: center; color: #ffffff; vertical-align: top; display: table-cell;\" colspan=\"2\" rowspan=\"1\" class=\"selected\">\n<div class=\"wrap\">\n<div style=\"margin: 10px 5px;\">\n<p><span style=\"background-color: transparent; font-weight: bold;\">2016<\/span><\/p>\n<\/div>\n<\/div>\n<\/td>\n<\/tr>\n<tr>\n<td style=\"font-weight: bold; background-color: #ffffff; text-align: center; vertical-align: top;\" class=\"selected\">\n<div class=\"wrap\">\n<div style=\"margin: 10px 5px;\">\n<p><span style=\"background-color: transparent; font-weight: bold;\">CUENTA P\u00daBLICA<\/span><\/p>\n<\/div>\n<\/div>\n<\/td>\n<td style=\"background-color: #ffffff; text-align: center; color: #000000; vertical-align: top; font-size: 22px;\" class=\"selected\">\n<div class=\"wrap\">\n<div style=\"margin: 10px 5px;\">\n<p><a href=\"https:\/\/psiquiatricodecampeche.com\/DOCUMN\/CUENTAPUBLICA\/2016\/CUENTAPUBLICA2016.PDF\" data-enable-open-in-new-tab=\"true\"><span>\ud83d\udcc3<\/span><\/a><\/p>\n<\/div>\n<\/div>\n<\/td>\n<\/tr>\n<tr>\n<td style=\"font-weight: bold; background-color: #9f2241; text-align: center; color: #ffffff; vertical-align: top; display: table-cell;\" colspan=\"2\" rowspan=\"1\" class=\"selected\">\n<div class=\"wrap\">\n<div style=\"margin: 10px 5px;\">\n<p><span style=\"background-color: transparent; font-weight: bold;\">2017<\/span><\/p>\n<\/div>\n<\/div>\n<\/td>\n<\/tr>\n<tr>\n<td style=\"font-weight: bold; background-color: #ffffff; text-align: center; vertical-align: top;\" class=\"selected\">\n<div class=\"wrap\">\n<div style=\"margin: 10px 5px;\">\n<p><span style=\"background-color: transparent; font-weight: bold;\">Informaci\u00f3n contable<\/span><\/p>\n<\/div>\n<\/div>\n<\/td>\n<td style=\"background-color: #ffffff; text-align: center; color: #000000; vertical-align: top; font-size: 22px;\" class=\"selected\">\n<div class=\"wrap\">\n<div style=\"margin: 10px 5px;\">\n<p><a href=\"https:\/\/psiquiatricodecampeche.com\/DOCUMN\/CUENTAPUBLICA\/01%20INFORMACION%20CONTABLE.pdf\" data-enable-open-in-new-tab=\"true\"><span>\ud83d\udcc3<\/span><\/a><\/p>\n<\/div>\n<\/div>\n<\/td>\n<\/tr>\n<tr>\n<td style=\"font-weight: bold; background-color: #ffffff; text-align: center; vertical-align: top;\" class=\"selected\">\n<div class=\"wrap\">\n<div style=\"margin: 10px 5px;\">\n<p><span style=\"background-color: transparent; font-weight: bold;\">Informaci\u00f3n presupuestaria<\/span><\/p>\n<\/div>\n<\/div>\n<\/td>\n<td style=\"background-color: #ffffff; text-align: center; color: #000000; vertical-align: top; font-size: 22px;\" class=\"selected\">\n<div class=\"wrap\">\n<div style=\"margin: 10px 5px;\">\n<p><a href=\"https:\/\/psiquiatricodecampeche.com\/DOCUMN\/CUENTAPUBLICA\/02%20INFORMACION%20PRESUPUESTARIA.pdf\" data-enable-open-in-new-tab=\"true\"><span>\ud83d\udcc3<\/span><\/a><\/p>\n<\/div>\n<\/div>\n<\/td>\n<\/tr>\n<tr>\n<td style=\"font-weight: bold; background-color: #ffffff; text-align: center; vertical-align: top;\" class=\"selected\">\n<div class=\"wrap\">\n<div style=\"margin: 10px 5px;\">\n<p><span style=\"background-color: transparent; font-weight: bold;\">Informaci\u00f3n program\u00e1tica<\/span><\/p>\n<\/div>\n<\/div>\n<\/td>\n<td style=\"background-color: #ffffff; text-align: center; color: #000000; vertical-align: top; font-size: 22px;\" class=\"selected\">\n<div class=\"wrap\">\n<div style=\"margin: 10px 5px;\">\n<p><a href=\"https:\/\/psiquiatricodecampeche.com\/DOCUMN\/CUENTAPUBLICA\/03%20INFORMACION%20PROGRAMATICA.pdf\" data-enable-open-in-new-tab=\"true\"><span>\ud83d\udcc3<\/span><\/a><\/p>\n<\/div>\n<\/div>\n<\/td>\n<\/tr>\n<tr>\n<td style=\"font-weight: bold; background-color: #ffffff; text-align: center; vertical-align: top;\" class=\"selected\">\n<div class=\"wrap\">\n<div style=\"margin: 10px 5px;\">\n<p><span style=\"background-color: transparent; font-weight: bold;\">Anexos<\/span><\/p>\n<\/div>\n<\/div>\n<\/td>\n<td style=\"background-color: #ffffff; text-align: center; color: #000000; vertical-align: top; font-size: 22px;\" class=\"selected\">\n<div class=\"wrap\">\n<div style=\"margin: 10px 5px;\">\n<p><a href=\"https:\/\/psiquiatricodecampeche.com\/DOCUMN\/CUENTAPUBLICA\/04%20ANEXOS.pdf\" data-enable-open-in-new-tab=\"true\"><span>\ud83d\udcc3<\/span><\/a><\/p>\n<\/div>\n<\/div>\n<\/td>\n<\/tr>\n<tr>\n<td style=\"font-weight: bold; background-color: #ffffff; text-align: center; vertical-align: top;\" class=\"selected\">\n<div class=\"wrap\">\n<div style=\"margin: 10px 5px;\">\n<p><span style=\"background-color: transparent; font-weight: bold;\">Criterios de la ley de disciplina financiera<\/span><\/p>\n<\/div>\n<\/div>\n<\/td>\n<td style=\"background-color: #ffffff; text-align: center; color: #000000; vertical-align: top; font-size: 22px;\" class=\"selected\">\n<div class=\"wrap\">\n<div style=\"margin: 10px 5px;\">\n<p><a href=\"https:\/\/psiquiatricodecampeche.com\/DOCUMN\/CUENTAPUBLICA\/05%20CRITERIOS%20DE%20LA%20LEY%20DE%20DISCIPLINA%20FINANCIERA.pdf\" data-enable-open-in-new-tab=\"true\"><span>\ud83d\udcc3<\/span><\/a><\/p>\n<\/div>\n<\/div>\n<\/td>\n<\/tr>\n<tr>\n<td style=\"font-weight: bold; background-color: #9f2241; text-align: center; color: #ffffff; vertical-align: top; display: table-cell;\" colspan=\"2\" rowspan=\"1\" class=\"selected\">\n<div class=\"wrap\">\n<div style=\"margin: 10px 5px;\">\n<p><span style=\"background-color: transparent; font-weight: bold;\">2018<\/span><\/p>\n<\/div>\n<\/div>\n<\/td>\n<\/tr>\n<tr>\n<td style=\"font-weight: bold; background-color: #ffffff; text-align: center; vertical-align: top;\" class=\"selected\">\n<div class=\"wrap\">\n<div style=\"margin: 10px 5px;\">\n<p><span style=\"background-color: transparent; font-weight: bold;\">CUENTA P\u00daBLICA<\/span><\/p>\n<\/div>\n<\/div>\n<\/td>\n<td style=\"background-color: #ffffff; text-align: center; color: #000000; vertical-align: top; font-size: 22px;\" class=\"selected\">\n<div class=\"wrap\">\n<div style=\"margin: 10px 5px;\">\n<p><a href=\"https:\/\/psiquiatricodecampeche.com\/DOCUMN\/CUENTAPUBLICA\/2018\/CUENTA%20PUBLICA%202018.PDF\" data-enable-open-in-new-tab=\"true\"><span>\ud83d\udcc3<\/span><\/a><\/p>\n<\/div>\n<\/div>\n<\/td>\n<\/tr>\n<tr>\n<td style=\"font-weight: bold; background-color: #9f2241; text-align: center; color: #ffffff; vertical-align: top; display: table-cell;\" colspan=\"2\" rowspan=\"1\" class=\"selected\">\n<div class=\"wrap\">\n<div style=\"margin: 10px 5px;\">\n<p><span style=\"background-color: transparent; font-weight: bold;\">2019<\/span><\/p>\n<\/div>\n<\/div>\n<\/td>\n<\/tr>\n<tr>\n<td style=\"font-weight: bold; background-color: #ffffff; text-align: center; vertical-align: top;\" class=\"selected\">\n<div class=\"wrap\">\n<div style=\"margin: 10px 5px;\">\n<p><span style=\"background-color: transparent; font-weight: bold;\">CUENTA P\u00daBLICA<\/span><\/p>\n<\/div>\n<\/div>\n<\/td>\n<td style=\"background-color: #ffffff; text-align: center; color: #000000; vertical-align: top; font-size: 22px;\" class=\"selected\">\n<div class=\"wrap\">\n<div style=\"margin: 10px 5px;\">\n<p><a href=\"https:\/\/psiquiatricodecampeche.com\/DOCUMN\/CUENTAPUBLICA\/2019\/CUENTAPUBLICA2019.PDF\" data-enable-open-in-new-tab=\"true\"><span>\ud83d\udcc3<\/span><\/a><\/p>\n<\/div>\n<\/div>\n<\/td>\n<\/tr>\n<tr>\n<td style=\"font-weight: bold; background-color: #9f2241; text-align: center; color: #ffffff; vertical-align: top; display: table-cell;\" colspan=\"2\" rowspan=\"1\" class=\"selected\">\n<div class=\"wrap\">\n<div style=\"margin: 10px 5px;\">\n<p><span style=\"background-color: transparent; font-weight: bold;\">2020<\/span><\/p>\n<\/div>\n<\/div>\n<\/td>\n<\/tr>\n<tr>\n<td style=\"font-weight: bold; background-color: #ffffff; text-align: center; vertical-align: top;\" class=\"selected\">\n<div class=\"wrap\">\n<div style=\"margin: 10px 5px;\">\n<p><span style=\"background-color: transparent; font-weight: bold;\">CUENTA P\u00daBLICA<\/span><\/p>\n<\/div>\n<\/div>\n<\/td>\n<td style=\"background-color: #ffffff; text-align: center; color: #000000; vertical-align: top; font-size: 22px;\" class=\"selected\">\n<div class=\"wrap\">\n<div style=\"margin: 10px 5px;\">\n<p><a href=\"https:\/\/psiquiatricodecampeche.com\/DOCUMN\/CUENTAPUBLICA\/2020\/CUENTAPUBLICA2020.PDF\" data-enable-open-in-new-tab=\"true\"><span>\ud83d\udcc3<\/span><\/a><\/p>\n<\/div>\n<\/div>\n<\/td>\n<\/tr>\n<tr>\n<td style=\"font-weight: bold; background-color: #9f2241; text-align: center; color: #ffffff; vertical-align: top; display: table-cell;\" colspan=\"2\" rowspan=\"1\" class=\"selected\">\n<div class=\"wrap\">\n<div style=\"margin: 10px 5px;\">\n<p><span style=\"background-color: transparent; font-weight: bold;\">2021<\/span><\/p>\n<\/div>\n<\/div>\n<\/td>\n<\/tr>\n<tr>\n<td style=\"font-weight: bold; background-color: #ffffff; text-align: center; vertical-align: top;\" class=\"selected\">\n<div class=\"wrap\">\n<div style=\"margin: 10px 5px;\">\n<p><span style=\"background-color: transparent; font-weight: bold;\">CUENTA P\u00daBLICA<\/span><\/p>\n<\/div>\n<\/div>\n<\/td>\n<td style=\"background-color: #ffffff; text-align: center; color: #000000; vertical-align: top; font-size: 22px;\" class=\"selected\">\n<div class=\"wrap\">\n<div style=\"margin: 10px 5px;\">\n<p><a href=\"https:\/\/psiquiatricodecampeche.com\/DOCUMN\/CUENTAPUBLICA\/2021\/CUENTAPUBLICA2021.PDF\" data-enable-open-in-new-tab=\"true\"><span>\ud83d\udcc3<\/span><\/a><\/p>\n<\/div>\n<\/div>\n<\/td>\n<\/tr>\n<tr>\n<td class=\"selected\" style=\"font-weight: bold; background-color: #9f2241; text-align: center; color: #ffffff; vertical-align: top; display: table-cell;\" colspan=\"2\" rowspan=\"1\">\n<div class=\"wrap\">\n<div style=\"margin: 10px 5px;\" class=\"\" contenteditable=\"false\">\n<p><span style=\"background-color: transparent; font-weight: bold;\">2022<\/span><\/p>\n<\/div>\n<\/div>\n<\/td>\n<\/tr>\n<tr>\n<td class=\"selected\" style=\"font-weight: bold; background-color: #ffffff; text-align: center; vertical-align: top;\">\n<div class=\"wrap\">\n<div style=\"margin: 10px 5px;\">\n<p><span style=\"background-color: transparent; font-weight: bold;\">CUENTA P\u00daBLICA<\/span><\/p>\n<\/div>\n<\/div>\n<\/td>\n<td style=\"background-color: #ffffff; text-align: center; color: #0066cc; vertical-align: top; font-size: 22px;\" class=\"selected\">\n<div class=\"wrap\">\n<div style=\"margin: 10px 5px;\" class=\"\" contenteditable=\"false\">\n<p><a href=\"https:\/\/psiquiatricodecampeche.com\/DOCUMN\/CUENTAPUBLICA\/2022\/CUENTAPUBLICA2022.PDF\" data-enable-open-in-new-tab=\"true\"><span>\ud83d\udcc3<\/span><\/a><\/p>\n<\/div>\n<\/div>\n<\/td>\n<\/tr>\n<tr>\n<td class=\"selected\" style=\"font-weight: bold; background-color: #9f2241; text-align: center; color: #ffffff; vertical-align: top; display: table-cell;\" colspan=\"2\" rowspan=\"1\">\n<div class=\"wrap\">\n<div style=\"margin: 10px 5px;\" class=\"\" contenteditable=\"false\">\n<p><span style=\"background-color: transparent; font-weight: bold;\">2023<\/span><\/p>\n<\/div>\n<\/div>\n<\/td>\n<\/tr>\n<tr>\n<td class=\"selected\" style=\"font-weight: bold; background-color: #ffffff; text-align: center; vertical-align: top;\">\n<div class=\"wrap\">\n<div style=\"margin: 10px 5px;\">\n<p><span style=\"background-color: transparent; font-weight: bold;\">CUENTA P\u00daBLICA<\/span><\/p>\n<\/div>\n<\/div>\n<\/td>\n<td style=\"background-color: #ffffff; text-align: center; color: #0066cc; vertical-align: top; font-size: 22px;\" class=\"selected\">\n<div class=\"wrap\">\n<div style=\"margin: 10px 5px;\" class=\"\" contenteditable=\"false\">\n<p><a href=\"https:\/\/psiquiatricodecampeche.com\/DOCUMN\/CUENTAPUBLICA\/2023\/CUENTA_PUBLICA_2023.pdf\" data-enable-open-in-new-tab=\"true\"><span>\ud83d\udcc3<\/span><\/a><\/p>\n<\/div>\n<\/div>\n<\/td>\n<\/div>\n<\/td>\n<\/tr>\n<tr>\n<td class=\"selected\" style=\"font-weight: bold; background-color: #9f2241; text-align: center; color: #ffffff; vertical-align: top; display: table-cell;\" colspan=\"2\" rowspan=\"1\">\n<div class=\"wrap\">\n<div style=\"margin: 10px 5px;\" class=\"\" contenteditable=\"false\">\n<p><span style=\"background-color: transparent; font-weight: bold;\">2024<\/span><\/p>\n<\/div>\n<\/div>\n<\/td>\n<\/tr>\n<tr>\n<td class=\"selected\" style=\"font-weight: bold; background-color: #ffffff; text-align: center; vertical-align: top;\">\n<div class=\"wrap\">\n<div style=\"margin: 10px 5px;\">\n<p><span style=\"background-color: transparent; font-weight: bold;\">CUENTA P\u00daBLICA<\/span><\/p>\n<\/div>\n<\/div>\n<\/td>\n<td style=\"background-color: #ffffff; text-align: center; color: #0066cc; vertical-align: top; font-size: 22px;\" class=\"selected\">\n<div class=\"wrap\">\n<div style=\"margin: 10px 5px;\" class=\"\" contenteditable=\"false\">\n<p><a href=\"https:\/\/psiquiatricodecampeche.com\/DOCUMN\/CUENTAPUBLICA\/2024\/CUENTA_PUBLICA_2024.PDF\" data-enable-open-in-new-tab=\"true\"><span>\ud83d\udcc3<\/span><\/a><\/p>\n<\/div>\n<\/tr>\n<\/tbody>\n<\/table>\n<p>[\/et_pb_text][et_pb_text _builder_version=\u00bb4.21.0&#8243; _module_preset=\u00bbdefault\u00bb global_colors_info=\u00bb{}\u00bb]<\/p>\n<p>Para consultar la informaci\u00f3n de clic sobre el icono de documento.<\/p>\n<p>[\/et_pb_text][\/et_pb_column][\/et_pb_row][\/et_pb_section]<\/p>\n","protected":false},"excerpt":{"rendered":"<p>CUENTA P\u00daBLICA ESTATAL ARMONIZADA DEL GOBIERNO DEL ESTADO DE CAMPECHEPara dar cumplimiento a lo dispuesto en el art\u00edculo 54, Fracci\u00f3n XXII de la Constituci\u00f3n Pol\u00edtica del Estado de Campeche y art\u00edculo 86 de la Ley de Disciplina Financiera y Responsabilidad Hacendaria del Estado de Campeche y sus Municipios; se presenta ordenada de conformidad con los [&hellip;]<\/p>\n","protected":false},"author":1,"featured_media":0,"parent":0,"menu_order":0,"comment_status":"closed","ping_status":"closed","template":"","meta":{"_et_pb_use_builder":"on","_et_pb_old_content":"","_et_gb_content_width":"","footnotes":""},"class_list":["post-413","page","type-page","status-publish","hentry"],"_links":{"self":[{"href":"https:\/\/transparencia.psiquiatricodecampeche.com\/index.php\/wp-json\/wp\/v2\/pages\/413","targetHints":{"allow":["GET"]}}],"collection":[{"href":"https:\/\/transparencia.psiquiatricodecampeche.com\/index.php\/wp-json\/wp\/v2\/pages"}],"about":[{"href":"https:\/\/transparencia.psiquiatricodecampeche.com\/index.php\/wp-json\/wp\/v2\/types\/page"}],"author":[{"embeddable":true,"href":"https:\/\/transparencia.psiquiatricodecampeche.com\/index.php\/wp-json\/wp\/v2\/users\/1"}],"replies":[{"embeddable":true,"href":"https:\/\/transparencia.psiquiatricodecampeche.com\/index.php\/wp-json\/wp\/v2\/comments?post=413"}],"version-history":[{"count":10,"href":"https:\/\/transparencia.psiquiatricodecampeche.com\/index.php\/wp-json\/wp\/v2\/pages\/413\/revisions"}],"predecessor-version":[{"id":1174,"href":"https:\/\/transparencia.psiquiatricodecampeche.com\/index.php\/wp-json\/wp\/v2\/pages\/413\/revisions\/1174"}],"wp:attachment":[{"href":"https:\/\/transparencia.psiquiatricodecampeche.com\/index.php\/wp-json\/wp\/v2\/media?parent=413"}],"curies":[{"name":"wp","href":"https:\/\/api.w.org\/{rel}","templated":true}]}}